t is 13 - 2 - (76 + -77)?
12
What is -16 - (5 + -4 + (-5 - -1))?
-13
Calculate -369 - -334 - (-10 - -5 - -4).
-34
7 + (-5 - 3) + 0 + -7
-8
Calculate -1 + 20 + -21 + -7.
-9
What is -17 - -24 - (-7 - -1)?
13
Evaluate (2 + -2 - (1 + -6)) + 39 + -24.
20
What is the value of (15 - 15) + 12 + -5?
7
What is the value of (10 - 10 - 8) + 4 - (2 - 3)?
-3
What is -3 + (-21 - -6 - -30)?
12
What is the value of -1 + 8 + -45 + 15?
-23
(2 - 19) + (-3 - -11)
-9
0 + 10 + 15 + (-21 - (-14 - -4))
14
What is (2 + (2 - 5) - -4) + -6 + 2?
-1
What is the value of -4 + (18 - 8) - (17 - -1)?
-12
Evaluate 11 + 2 - (14 - (-10 + 9)).
-2
Evaluate 2 + (3 - (3 - -3)) + (-45 - -82).
36
What is -2 + (-1 - (-3 + (2 - -9)))?
-11
(-108 + 123 - (0 + -12)) + -8
19
Calculate -42 + (51 - (-18 - -38)).
-11
(20 - 14) + (-20 - (3 + -2))
-15
What is -35 + 3 + 5 + (-52 - -62)?
-17
What is -15 + (52 + -10 - 17)?
10
What is the value of (19 - (-5 + 19)) + -1?
4
Evaluate -5 - (-6 + 0) - (32 + -22).
-9
What is the value of 17 - (6 + -15 - -36)?
-10
Calculate -27 + 34 + (-19 - -1).
-11
9 + -15 + (4 - 7) + 2 - -32
25
What is the value of (-8 - (23 + -7)) + 7?
-17
What is 22 - (-2 - -7 - -8)?
9
Calculate (-146 + 131 - (-1 - -15)) + 5.
-24
1 + -18 + 19 + (-21 - -20)
1
Evaluate -1650 + 1658 - (-11 + 0 + 0 - -1).
18
What is -3 - 15 - (-15 + -22)?
19
What is (-7 - -9 - 9) + (2 - -1) + 3?
-1
-9 - (-1 - 30) - 7
15
Calculate -4 - -2 - (9 - -21 - 15).
-17
Calculate -12 - (-10 + -5) - -4.
7
What is the value of -10 + (-5 - (6 - 27)) + -23?
-17
-1 + -20 + -109 + 119
-11
What is -10 + 0 + (-35 - -46) - -13?
14
What is the value of 1 + -11 - (-23 - (-10 - 3))?
0
What is -56 + 56 + -1 + 9?
8
Evaluate (1 - (19 - 34)) + -31.
-15
0 + 0 - (1827 + -1802)
-25
What is the value of 2 + 13 - (-7 + (-15 - -26)) - 1?
10
What is -2 + 3 + 1 + -6 - (-497 - -493)?
0
Evaluate 9 - 3 - 5 - 6.
-5
Evaluate -15 - (2 - (-6 - (11 + (-5 - 8)))).
-21
-2 - 6 - (46 + -57)
3
(1378 - 1368) + 1 + -3 + 0
8
Evaluate -28 + 26 + -11 + -5.
-18
Evaluate -7 - -12 - 0 - -8.
13
0 - (-25 - -11 - -13)
1
Calculate -3 - ((-6 - (-18 - -7)) + 4).
-12
Calculate -1 - (36 - (12 + 4)) - 7.
-28
Evaluate -47 + 37 + 87 - 41.
36
-1 - (-2 - 0) - (17 + -51 - -39)
-4
Calculate -9 + (-19 - -30) - -11.
13
What is (192 - 177) + (-13 - 0)?
2
What is the value of -7 + 0 + 6 + -7 + -9 + -4?
-21
84 + -69 + (-14 - 7)
-6
What is (5 - 1) + (-241 - -221)?
-16
What is 1 + -6 + (7 - -1 - 6)?
-3
Calculate (23 - 23 - (22 + 1)) + 8 + 2.
-13
What is the value of -4 + (1 - (29 + -1))?
-31
Calculate 22 + (7 - 15) + -19.
-5
2 + -2 - (-8 - (-11 + (-7 - -11)))
1
What is 23 + 3 - (10 + -3)?
19
Evaluate (-18 - (-6 + -7 + 17 + -4)) + 2.
-16
Evaluate (38 - 74 - 4) + 6.
-34
What is the value of (-5 - -3) + (-7 - -26) + (5 - -1)?
23
Evaluate (-3 - 7 - 1) + 18 + -10.
-3
What is the value of -5 + (2 - 2) + 5 + (-9 - -2)?
-7
-23 - (1 - 9 - -16)
-31
What is -1 - (-52 + 38 - ((0 - -3) + -4))?
12
What is (-1 - -3 - -18) + (10 - 2 - 14)?
14
What is 4 - (4 + (14 - 8) + -10)?
4
What is (-18 - -64) + -34 - (-4 + 1 + -2)?
17
What is the value of 3 + -32 - 2 - -2?
-29
What is the value of (-12 - -5) + 0 + 0?
-7
What is the value of (1 - (5 - (-8 + 8 + -2))) + 3?
-3
-4 + 9 + 17 - 3
19
Calculate (2 + 1 - (14 - (17 + -6))) + 3.
3
What is the value of 44 + -20 + (9 - 29)?
4
Evaluate 6 + 0 + (-419 - -422) + 1 + 1.
11
Evaluate 16 - (-2 + 3 - ((21 - 23) + -3)).
10
Evaluate 5 - -14 - (70 + -47).
-4
(-80 - -69) + -8 + (12 - 1)
-8
Calculate -3 - (-12 - (8 + -18)) - 11.
-12
Evaluate -12 - (16 - (-14 - (-13 + -12))).
-17
Evaluate -1 + 4 + -6 + (1 - (3 + 12)).
-17
Calculate 25 - (19 - (8 + 1)).
15
What is -11 + -10 + (16 - 9)?
-14
What is the value of (-10 - -3 - -2) + 17?
12
Evaluate -29 + -1 + 7 + 25.
2
Evaluate -3 + 5 - (-10 + 14) - -10.
8
-2 + 5 - (-1 + -4 + 8 + -3)
3
What is -4 + 0 + (-2 - 6) - (-6 - -1)?
-7
What is 4 - (-5 - -2 - 3 - -4)?
6
What is the value of (-15 + 6 - (-9 - 7)) + 18?
25
What is the value of 8 + (-85 - -85 - (22 - -2))?
-16
What is (5 - -2) + -2 - ((2 - 9) + 5)?
7
(1 - 6) + 3 + (3 - 6) - 12
-17
Calculate (-13 - (21 + -11)) + 22.
-1
8 + (4 + -9 - -14)
17
What is the value of 2 - 11 - (29 - 30)?
-8
What is the value of -14 + 33 - 11 - (0 + -8)?
16
Calculate 49 - (56 - -4) - (3 + -1).
-13
-6 + (-1 - -2 - 7 - (-55 - -45))
-2
Evaluate (3 - (5 - 26)) + (19 - 22).
21
Evaluate 0 - (2 + -1 - 1) - 7.
-7
What is -8 + (10 + 1 - 7 - 5 - -10)?
1
Evaluate (-1 - -9 - 2) + 15 + -16 + -10.
-5
What is the value of (-8 - (-14 - (-8 + 9))) + 6?
13
Evaluate (195 - 200) + -1 + 19.
13
What is (50 - (57 - 18) - (20 - 1)) + 0?
-8
What is the value of 22 - (3 + (-1 - (-10 + 3)))?
13
What is 6 - (18 + -62 + 30)?
20
What is the value of (-2 + -3 + (-2 - -3) - -11) + -21?
-14
Calculate -2 + -4 + (-1 - 0 - (20 + -26)).
-1
What is the value of 20 + -18 + -18 - -35?
19
Evaluate 16 + -22 + (0 - -11) - -5.
10
Evaluate -18 + 1 + (19 - -1).
3
What is the value of 21 + -15 + (-20 + 7 - -15)?
8
Calculate -19 + (4 - -5) + 5.
-5
-10 + (5 - ((-9 - -5) + 7))
-8
12 + 3 - 13 - (-3 + 0 - -12)
-7
Calculate (547 - 542) + (-15 - 0 - (3 + -5)).
-8
What is -34 + -10 + -1 + 77?
32
Calculate 5 + (7 + -16 - -11 - 20).
-13
(-9 - (-6 + (7 - 8))) + -1
-3
What is 24 - (2 - ((7 - 4) + -6)) - 3?
16
Evaluate (29 - 16) + 2 + -3 + 0.
12
Calculate 13 - (7 + 2 - (12 - 6)).
10
What is (1 - 9) + (1566 - 1575)?
-17
(-11 - ((-10 - 0) + 4 + 8)) + -6
-19
Evaluate ((-5 - 6) + 12 - 3) + -21.
-23
Calculate (12 - 19) + 19 + 0 + 0.
12
-7 - (-1 + -9 + 2 - (0 + -18))
-17
(-35 - -9 - -9 - -9) + (9 - -2)
3
What is -24 + 6 + 11 + 20?
13
10 + 9 + (-12 - -11)
18
Calculate 10 + (2 + 1 - (-1 - 8 - -14)).
8
Evaluate (-22 - -47 - 31) + (-1 - (-1 + 1)).
-7
Calculate -6 + -15 - -14 - -4.
-3
-24 - -1 - (-13 - 0)
-10
Evaluate (-14 - (-2 - 11)) + 1 + 1 + 1.
2
Calculate 5 - (-5 - -4) - (-14 - -9 - -26).
-15
What is -11 + (-17 - -16) - 4?
-16
What is the value of -41 - ((-21 - (-16 + 7)) + 4)?
-33
Evaluate -12 + -7 + (7 - -2) - (-1 + -2).
-7
Calculate (-47 + 44 - (-3 + -6 + 0)) + -1.
5
Evaluate -2 + -12 + 12 + 4 - (0 - 5).
7
What is the value of -42 - -2 - (196 - 200 - (-1 + -3))?
-40
24 + -47 + 40 + (-1 - (3 + 2))
11
What is (-28 - -25) + -10 + 23?
10
What is the value of (-350 - -343) + 2 + -2 + 2 + 2?
-3
What is the value of (0 - (3 - -2)) + 8 + -13 + 9?
-1
What is 5 - (17 + (0 - -1 - 10 - -2))?
-5
What is the value of (-13 - 9) + 21 + 0 + 1?
0
What is the value of (10 + -4 - (13 - 3)) + -17 + 6?
-15
180 - 191 - (-2 + -7)
-2
Evaluate (2 - 5) + 0 + -11 + 22.
8
-7 - (-37 - ((29 - 24) + (-2 - -3)))
36
-44 + -3 + (29 - -4) + -15
-29
1 + 2 - 8 - (-517 + 523)
-11
Evaluate 23 + (45 - (79 + -42)).
31
What is (-100 - -84) + 36 + -4?
16
Evaluate -26 - (29 + -62 + -17).
24
Calculate -9 + 1 + (-5 - (2 + 0) - -5).
-10
Calculate 8 + (11 + 2 - 8) + -22.
-9
Evaluate (-19 - (-2 + -2)) + -21 + 4.
-32
Calculate (7 - 2) + -1 + (-2 - 7) + 13.
8
Evaluate 15 + -2 + 8 + -7.
14
What is (31 - 17) + 15 + -19?
10
What is -11 + 19 + 6 + -5?
9
What is the value of -28 - ((-1 - -5) + -9 + 7)?
-30
-4 + (-12 - (-19 - (-5 + -10)))
-12
What is the value of 44 + (-2 - (4 - -33) - -20)?
25
What is 1 - -3 - (-7 + -5 + 22)?
-6
3 + (9 + -17 - 6)
-11
What is -22 + 4 + (-14 + -3 - -4)?
-31
What is the value of -17 + 9 + 9 + 14?
15
Calculate -1 - -2 - (2 - (4 + -4)) - -4.
3
Calculate 4 - (8 + -13 - -2) - 0.
7
What is 22 + 4 - ((-1 - 3) + 15)?
15
Evaluate -2 - 0 - (-31 - (-28 + 3)).
4
-11 + -1 + 7 + 0 + -5 + -2
-12
Evaluate 446 + -453 - (-7 + 2 + -2).
0
(-500 - -493) + (0 - -25)
18
What is the value of (2 - -5) + (1 - 4) + (-4 - -12)?
12
16 + (-1 - (7 - 5) - 0 - 0)
13
What is (-8 - (8 - (24 + (1 - 9)))) + -2?
-2
36 - 37 - (-2 + 33 - (6 - 0))
-26
What is the value of 2 - 10 - (24 + -38)?
6
1 + (2 - (11 - 1)) + -1176 + 1176
-7
What is 20 + 6 + (-24 + 16 - 8)?
10
6 + ((12 - 15) + -6 - (-37 - 2))
36
Evaluate 0 - 3 - ((9 - 22) + 22).
-12
Calculate 4 + (-4 - -23) + (-166 - -166).
23
Calculate -3 - (3 + 4 + -3) - (3 + -22).
12
-1 + (-26 + 4 - -11)
-12
(1 - -6) + -1 + 1 + (-23 - -15)
-1
Evaluate -28 - -26 - (-6 + (3 - (-16 - 6))).
-21
-10 - (-19 + (4 - 8) - (-6 - -16))
23
-6 - 8 - (-10 - -5 - (-4 + 3))
-10
What is 2 + -3 + (4 - (0 + 6)) - -1?
-2
What is 43 + -18 + -27 - (-43 + 0)?
41
What is the value of (-12 - 0) + -16 + (